 135*a**2 + 81*a + 333. Let c be s(-4). Let p be 60 + (0 - (-4)/(-2)). Suppose j - c = -p. Is j prime?
True
Let g(z) = -10*z - 61. Let w be g(-7). Let j(v) = 2*v**3 - 12*v**2 + 25*v - 26. Is j(w) a composite number?
True
Suppose -4 = 19*p - 18*p. Is -1 + p + 2394 + 2 prime?
False
Suppose 81*l = 83*l + 944. Is (152/16)/((-4)/l) + 0 a composite number?
True
Let x(q) = -q**3 + 5*q**2 + 4*q + 14. Let u be x(6). Suppose 0 = 2*l + 3*f - 34, l + u = 3*l - 5*f. Suppose 10*p = l*p - 1241. Is p composite?
True
Let k = -54369 - -182596. Is k a prime number?
False
Suppose -164601 = -28*p - 12617. Let c = -2421 + p. Is c prime?
False
Let v(p) = -p + 11. Let x be v(7). Let i = -2 + x. Suppose 3*c + 2371 = z, 4*z - 4742 = i*z - 5*c. Is z a composite number?
False
Suppose 751*w + 287829 + 21425 = 773*w. Is w a prime number?
True
Suppose -6*b = -4*d + 9355432, b - 4*b = -18. Is d a composite number?
False
Let f(v) = 9966*v**2 - 111*v + 112. Is f(1) a composite number?
False
Let i(y) = -5*y**2 - 5*y - 4. Let w be i(-1). Let k be (-3710)/w - ((-75)/(-10) + -8). Suppose -2*j - 14*j + k = 0. Is j a prime number?
False
Suppose 0 = 4*p + 2*i - 114, -33 = -p + i - 3*i. Let z(x) = -x**3 + 29*x**2 + 24*x + 137. Is z(p) prime?
True
Let m be 0/(-1*(2 + 0)). Suppose s = -v - 4, 2 + m = 3*v - 4*s. Is 815 - v/(-1) - -2 composite?
True
Is ((-20)/40)/((-2)/390188) composite?
False
Let v be (4/10)/((-33)/(-660)). Is 9405/60 + 2/v prime?
True
Let c(u) = -7*u + 21. Let j be c(3). Suppose 2098 + 424 = t - w, j = -5*t - w + 12598. Suppose -r + 1175 = -t. Is r a composite number?
True
Suppose -3*r + 51516 = -r - 111146. Is r prime?
True
Let r = -119773 - -374582. Is r a composite number?
True
Is 224/(-21) + 30/18 - -526610 composite?
False
Let b(x) = x**3 + 8*x**2 + 15*x + 5. Let r be b(-5). Suppose 0 = 3*v - r*y - 7843, 6*v + 5*y = 2*v + 10504. Is v a prime number?
True
Let m = 2290243 - 1494550. Is m composite?
True
Let c = 15 - 15. Suppose -i - 2*o + 583 = c, -106 + 2451 = 4*i - 5*o. Let t = -227 + i. Is t a prime number?
False
Suppose 23381 + 28809 = 2*t + 4*u, 4*t = u + 104371. Is t a composite number?
True
Suppose 171*u = 173*u - 37062. Suppose 0 = -4*f + 3*j + u, 3*f - 3*j - 18812 = -4910. Let r = f + -3086. Is r prime?
True
Suppose -2*d + 18*h + 237685 = 17*h, 3*d = -3*h + 356532. Is d prime?
True
Let a be (-44)/(-12) + (2 - 8/3). Suppose -a*n + 2*x = 25, 2*n - 4*x = 14 - 44. Is (-14)/(-315)*n - (-23861)/9 a prime number?
False
Suppose w = -4*i + 4, -3*w + 4 = -2*w - 2*i. Suppose 3*o - 2*o + 7 = j, o + 40 = w*j. Suppose -j*n + 1989 = -2*n. Is n prime?
False
Suppose 16*m = 18*m - 4*u - 112362, 0 = -5*u - 25. Is m a composite number?
False
Suppose 281*c = 284*c - 6. Suppose l = 3*m - 7435, 3*l + 4960 = c*m + 4*l. Is m composite?
True
Suppose 40*h - 30*h = -19*h + 1682783. Is h a prime number?
True
Suppose -1372220 = -2*z - 2*j - 49530, 4*j - 8 = 0. Is z a prime number?
True
Let d(k) = k**2 + 18*k + 40. Let s be d(-15). Let h(t) = -58*t**3 + t**2 + t + 13. Is h(s) prime?
True
Let b(w) = 158*w + 28. Let f(z) = 157*z + 27. Let o(x) = -5*b(x) + 6*f(x). Let d be o(9). Let r = 2177 - d. Is r prime?
True
Let d = 171833 - -46176. Is d a prime number?
False
Suppose 5*u - 30 = -5, 3*n = 5*u - 10. Suppose -n*x = t - 1057, -t + 1 + 1 = 0. Is x a prime number?
True
Suppose 0 = w - s - 809416, -3*w + 2428304 = 45*s - 40*s. Is w a composite number?
False
Let f(g) be the third derivative of 0 + 33/8*g**4 - 4*g**2 + 5/3*g**3 + 0*g. Is f(7) composite?
True
Let c be (3/(3/(-2246)))/(6/(-3891)). Suppose 49*y - c = 119946. Is y composite?
False
Suppose 111*r - 21793982 = 34*r - 125*r. Is r a composite number?
True
Suppose -407515 = 15*w - 1006315. Suppose -7542 = -2*d + w. Is d a prime number?
False
Let b(j) = -1760*j - 126. Let x be 35/(-9) + 6/(-54). Is b(x) prime?
False
Suppose -145*n + 1409777 = -142*n + 5*t, -n - 4*t + 469935 = 0. Is n composite?
False
Let l(s) = -2*s**2 - 5*s + 6. Let w be l(-4). Let z(v) = v - 1. Let x(t) = 17*t + 6. Let f(j) = w*z(j) - 2*x(j). Is f(-5) composite?
True
Let c(r) = 104*r**3 - 19*r**2 - 54*r - 20. Is c(11) a prime number?
True
Is (4/(-2) + 1)*-147179 a composite number?
False
Let b be (-105)/2 - ((-14)/4 - -5). Let o = b - -55. Is 3 - (o/2)/(4/(-3280)) a prime number?
False
Suppose 251*r = 247*r + 21444. Suppose 3*u + r = 4*u + 5*d, -4*u + 21520 = d. Is u a composite number?
False
Let o = 88259 + -31459. Suppose 0 = -16*l + 32208 + o. Is l composite?
False
Suppose 4*l + 2 = -22. Let h = -13260 - -13263. Is (h/(l/19))/((-7)/406) composite?
True
Let d(b) = 12*b**3 - 165*b**2 - 30*b - 28. Is d(15) a prime number?
True
Let y be (11 + -4 - 3)*(0 + 1). Suppose y*l - 14056 = 42932. Suppose -5889 - l = -8*m. Is m composite?
True
Let q = -161651 - -232195. Suppose -20*a = -4*a - q. Is a composite?
False
Suppose 0 = 3*z - 21, -2*i - 5*z + 1476901 = -207356. Is i a composite number?
False
Let s(o) be the third derivative of -32*o**2 - 1/2*o**3 + 0 + 0*o + 11/60*o**5 + 17/24*o**4. Is s(-14) prime?
False
Suppose 59 = 4*j + 5*x, -x - 38 = -4*j + x. Suppose -3*l = 4*g - 10291, -3*g = 12*l - j*l - 7712. Is g a composite number?
True
Suppose 4*k = 14 - 10. Suppose 0 = -5*o - 3*m + k, -2*m + 3*m = 2*o + 4. Is (-7 - -7) + (o - -594) prime?
True
Let s = -446 + -159. Let y = s - -1006. Is y a composite number?
False
Let p(n) = -n**3 - 5*n**2 + 9*n + 46. Let x be p(-5). Is ((-4)/(-12))/x + 362898/27 prime?
True
Let w be (-1 + (-1 - 0))/(2/(-23128)). Let x = -14267 + w. Is x composite?
False
Is ((-207)/(-138))/(3/118366) prime?
True
Let v(q) = 8*q**3 - 8*q**2 - 10*q - 1. Let h be v(-1). Let z(b) = 16 + 7*b - 26*b - 210*b. Is z(h) a prime number?
True
Suppose 5*a + 240640 = 5*x, -x + 6*x + a = 240658. Is x a prime number?
True
Suppose -q = -15*q + 28. Suppose -2*s = -3*t + 588 + 85, -5*t + 1111 = q*s. Is t prime?
True
Let y(x) = -2*x**3 + 12*x**2 + 11*x - 2. Let b(m) = -5*m**3 + 25*m**2 + 21*m - 4. Let h(q) = -4*b(q) + 9*y(q). Is h(11) prime?
True
Let g = 213180 + -99145. Is g prime?
False
Let u = 576 - 566. Let v(f) = 12*f**3 - 15*f**2 + 78*f + 7. Is v(u) composite?
False
Let i(q) = 33*q**3 + 20*q**2 + q - 43. Let v(m) = -49*m**3 - 30*m**2 - 2*m + 64. Let c = 67 - 60. Let y(j) = c*i(j) + 5*v(j). Is y(-6) composite?
True
Suppose -2*a + 5*y = -8949, -4*y + 16740 = 3*a + 3259. Is a composite?
True
Suppose 246788 = 4*h - 4*t, -2*h + 102912 = 2*t - 20482. Is h prime?
False
Suppose 4727912 - 891492 = 54*r - 3603214. Is r a prime number?
True
Suppose -17 = 3*d - 2*m, d + 0*d = -2*m + 5. Is 0*(d - 25/(-10)) - -7711 a composite number?
True
Suppose 1869545 = 45*f - 3748750. Is f a prime number?
False
Let p be 2/10 - 2/(20/(-18)). Let i(a) = -7 - a**3 + 1 - 11*a + 25*a**p + 8 + 9. Is i(12) prime?
False
Suppose 137*o - 57854080 + 3520565 = 0. Is o a composite number?
True
Let s = 4824 + -2277. Suppose -4*o = 8, -o - s = -3*c - 4*o. Let y = 3157 - c. Is y a prime number?
False
Let n be 7/(-2)*4/(-7). Let g(x) = -6*x**n - 17*x**2 - 10*x**2 - 27*x - 3 - x**3 + 21*x**2. Is g(-12) prime?
False
Let x = 195649 - -76270. Is x a composite number?
False
Let o = -385 + 554. Suppose -o*j + 175189 = -162*j. Is j composite?
True
Let f(i) = 20*i**3 - 31*i**2 - 58*i + 23. Is f(16) composite?
False
Suppose 0 = -3*y - m + 4*m + 24, 3*y - 28 = 4*m. Let s be ((-9757)/22)/(2/y). Is (s/5)/(93/(-15) + 6) composite?
False
Let y be 1/3 + (-6925)/(-15). Let i be y/(-35)*(-570)/9. Let k = -49 + i. Is k composite?
False
Let h(d) = 5*d**2 + 14*d + 5. Let p = 88 + -91. Let g be h(p). Suppose -17785 = 3*z - g*z. Is z a prime number?
True
Let o = 4547 - -253352. Is o prime?
False
Suppose -2*u - 5*c = -2, -1 = -3*u + 4*c + 2. Suppose -11 - u = -4*w, -66904 = -4*x + 4*w. Is x a composite number?
False
Suppose 14*z + 2666 = -5*p + 15*z, p = -3*z - 530. Let v = -324 - p. Is v prime?
False
Let a(v) = -2*v**3 - 37*v**2 - 16*v + 438. Is a(-25) prime?
True
Let t(a) = a**3 + 12*a**2 - 14*a - 14. Let l be (-13)/1*(3 - 2). Let n be t(l). Is -1318*n/2*1 a prime number?
True
Let l(d) = 31*d**2 - 36*d + 132. Is l(47) a composite number?
False
Let c be ((-121884)/9)/(-14) - (-2)/(-6). Suppose 7*y - 3*y = 28. Suppose -y*h + 6*h + c = 0. Is h a prime number?
True
Let i be (-7)/(7/(-3))*3. Suppose -i = -r - c, r + c - 1 = 2*c. Suppose -